- 349. Determine c(-54).
-25
Let p(d) = 55*d - 207. What is p(5)?
68
Let u(m) = -38*m - 535. What is u(-16)?
73
Let r(m) = -13*m**3 - 140*m**2 + 28*m + 31. Give r(-11).
86
Let v(k) = k**3 - 46*k**2 + 52*k - 336. Calculate v(45).
-21
Let g(r) = -819*r - 2477. Give g(-3).
-20
Let x(z) = z**2 - 3372*z - 16900. Determine x(-5).
-15
Let x(g) = g**2 + 61*g + 222. Calculate x(-46).
-468
Let u(q) = 2*q - 108. What is u(21)?
-66
Let i(y) = -122*y - 2193. What is i(-18)?
3
Let t(x) = x**3 + 15*x**2 + 7*x - 13. Give t(-14).
85
Let h(j) = -2*j**2 + 32*j + 20. What is h(10)?
140
Let r(y) = y**2 + 112*y - 5. What is r(-112)?
-5
Let n(h) = 167*h + 4045. Calculate n(-24).
37
Let a(t) = -3*t**3 + 14*t**2 - 9*t + 5. Give a(4).
1
Let n(l) = -l**2 - 174*l + 2228. Calculate n(12).
-4
Let h(i) = 79*i**3 + 5*i + 7. Give h(-2).
-635
Let p(v) = 13*v - 229. Calculate p(23).
70
Let y(r) = r**3 - 32*r**2 - 173*r - 442. Determine y(37).
2
Let r(p) = 3*p**3 + 5*p**2 - 2*p - 2. Calculate r(-5).
-242
Let t(u) = 2*u**2 - 144*u + 140. What is t(71)?
-2
Let l(k) = -285*k + 2565. What is l(9)?
0
Let h(t) = -t**2 - 22*t + 101. Calculate h(8).
-139
Let d(r) = -9*r - 167. Calculate d(-9).
-86
Let j(s) = -8*s**2 - 186*s - 53. Give j(-23).
-7
Let j(b) = -20*b + 295. What is j(13)?
35
Let b(i) = -7*i**3 + 5*i**2 + 4*i - 21. Give b(3).
-153
Let d(i) = -i**3 + 25*i**2 - 56*i - 213. Give d(22).
7
Let r(f) = -6*f**3 - 6*f**2 - 81. Determine r(0).
-81
Let j(a) = 6*a - 102. Calculate j(15).
-12
Let k(y) = 252*y - 995. Calculate k(4).
13
Let t(d) = -d**3 - 38*d**2 - 66*d + 104. What is t(-36)?
-112
Let k(j) = 70*j + 4259. Give k(-61).
-11
Let t(x) = x**3 - 26*x**2 + 32*x + 376. Determine t(24).
-8
Let n(f) = 2*f**3 + 17*f**2 - 29*f + 13. Determine n(-10).
3
Let z(a) = 14*a**2 + 75*a + 147. Calculate z(-2).
53
Let g(v) = -v**3 - 5*v**2 + 37*v - 2. Determine g(-9).
-11
Let u(l) = -5*l**3 + 6*l**2 + 56*l + 17. Determine u(4).
17
Let d(z) = 2*z**2 - 11*z - 92. Give d(0).
-92
Let w(r) = -21*r**3 - 456*r**2 + 129*r - 81. Calculate w(-22).
-15
Let v(k) = k - 61. Determine v(-4).
-65
Let m(l) = -91*l + 13257. Give m(146).
-29
Let w(s) = -32*s**2 - 84*s - 9. Give w(-4).
-185
Let w(i) = -i + 106. Calculate w(29).
77
Let u(n) = n**2 + 18*n - 446. Determine u(14).
2
Let m(h) = h**3 - 44*h**2 + 414*h + 176. What is m(30)?
-4
Let v(d) = -19*d - 560. What is v(-12)?
-332
Let j(b) = 4*b**2 - 30*b + 71. Give j(6).
35
Let a(y) = -y**3 - 39*y**2 + 8*y + 188. Determine a(-39).
-124
Let h(j) = 2*j**2 + 77*j - 37. Give h(-39).
2
Let d(i) = -i - 1. What is d(-7)?
6
Let x(c) = c**3 - 11*c**2 + 15*c + 13. What is x(9)?
-14
Let g(j) = 10*j**2 + 24*j + 1. Calculate g(-4).
65
Let f(b) = 2*b**2 - 50*b + 52. Determine f(26).
104
Let l(r) = 128*r - 19. Calculate l(2).
237
Let g(w) = -93*w + 2499. Calculate g(27).
-12
Let w(r) = r**3 - 3*r**2 - 41*r - 9. Calculate w(-5).
-4
Let x(v) = -10*v**2 + 75*v + 20. Give x(8).
-20
Let a(n) = -14*n**2 + 90*n - 35. Calculate a(6).
1
Let y(r) = r**3 + 35*r**2 + 123*r + 22. What is y(-31)?
53
Let h(f) = -2667*f - 13299. Give h(-5).
36
Let u(s) = -3*s**2 - 19*s + 29. Determine u(6).
-193
Let o(n) = 57*n - 5149. Give o(94).
209
Let q(m) = -111*m - 679. Calculate q(-6).
-13
Let a(x) = -x**3 - 54*x**2 + 297*x - 10. What is a(5)?
0
Let n(u) = u**3 + 15*u**2 + 21*u - 55. Give n(-14).
-153
Let y(j) = j**3 + 4*j**2 - 41*j - 109. Calculate y(-4).
55
Let g(o) = 5*o**3 - 27*o**2 - 21*o - 8. What is g(7)?
237
Let o(b) = -13*b**2 - 28*b - 12. What is o(0)?
-12
Let b(g) = g**2 - 131*g + 3021. What is b(101)?
-9
Let y(p) = 457*p + 1840. Calculate y(-4).
12
Let l(t) = -462*t + 24038. Calculate l(52).
14
Let f(k) = -54*k + 262. Give f(6).
-62
Let z(o) = -285*o - 13145. Determine z(-46).
-35
Let h(a) = -353*a - 1071. What is h(-3)?
-12
Let x(a) = 20*a**2 + 19*a + 3. Calculate x(-1).
4
Let v(d) = 37*d**2 - 552*d - 35. Determine v(15).
10
Let s(j) = -65*j**2 - 193*j - 2. What is s(-3)?
-8
Let c(x) = x**3 - 99*x**2 - 80*x - 2168. Determine c(100).
-168
Let a(k) = 2*k**2 + 22*k - 346. Calculate a(-20).
14
Let d(x) = -22*x**3 - 45*x - 43. Determine d(-1).
24
Let k(y) = y**3 + 23*y**2 - 18*y - 360. What is k(-23)?
54
Let q(d) = d**3 - 19*d**2 - 73*d + 160. Give q(22).
6
Let y(p) = p**2 + 30*p + 174. Determine y(-12).
-42
Let j(r) = -r**2 - 61*r - 587. Calculate j(-12).
1
Let l(g) = -110*g - 212. Calculate l(-2).
8
Let a(c) = -9*c - 305. Give a(-33).
-8
Let o(l) = -30*l - 384. Determine o(-13).
6
Let x(a) = a**2 - 123*a + 3121. Give x(36).
-11
Let z(s) = -4*s**2 - 173*s + 118. What is z(-44)?
-14
Let k(f) = -162*f + 2773. What is k(17)?
19
Let g(v) = -3*v**3 - v**2 - v - 110. Calculate g(0).
-110
Let g(j) = -140*j - 1855. What is g(-6)?
-1015
Let g(d) = d**3 + 58*d**2 - 128*d - 619. What is g(-60)?
-139
Let i(p) = -6*p**2 - 37*p + 464. Determine i(12).
-844
Let c(m) = m**3 + 28*m**2 - 333*m - 8. Calculate c(-37).
-8
Let y(a) = 355*a - 20584. Calculate y(58).
6
Let x(i) = 108*i + 801. Calculate x(-12).
-495
Let i(z) = -8*z**2 + 89*z - 3. Give i(13).
-198
Let t(b) = b**3 - 53*b**2 - 265*b + 8526. Give t(55).
1
Let l(z) = 6*z**3 + 133*z**2 - 2*z - 17. Calculate l(-22).
511
Let y(r) = r**3 + 3*r**2 - 227*r + 211. What is y(13)?
-36
Let k(z) = -7*z - 176. What is k(-23)?
-15
Let h(t) = t**3 + 65*t**2 - 501*t + 141. Calculate h(-72).
-75
Let j(f) = f**3 + 12*f**2 - 4*f - 30. Determine j(-12).
18
Let z(g) = 3*g**2 + 31*g + 42. What is z(-7)?
-28
Let r(m) = 3*m**2 + 11*m - 275. What is r(-12)?
25
Let d(r) = -r**3 + 10*r**2 - 5*r - 46. What is d(8)?
42
Let d(g) = g**3 + 12*g**2 + 26*g - 32. Give d(-8).
16
Let a(o) = 327*o - 1946. Determine a(6).
16
Let g(y) = y**2 - 25*y + 90. Calculate g(19).
-24
Let d(i) = 3117*i - 12463. What is d(4)?
5
Let t(b) = 4*b**2 + 17*b + 7. Give t(-4).
3
Let j(v) = v**2 + 37*v - 755. What is j(15)?
25
Let o(h) = 2*h**3 - 49*h**2 - 36*h + 9. Give o(25).
-266
Let z(c) = 26*c - 344. Calculate z(16).
72
Let d(p) = -29*p + 852. Give d(23).
185
Let u(w) = w**3 - 108*w**2 + 230*w - 1876. Determine u(106).
32
Let x(p) = 6*p + 152. What is x(-37)?
-70
Let m(j) = -j**3 - 17*j**2 + 136*j - 8. Calculate m(-24).
760
Let w(o) = 2*o**2 + 16*o + 2. Determine w(-4).
-30
Let q(g) = -g**3 - 10*g**2 + 31*g + 28. What is q(-12)?
-56
Let w(x) = 238*x**3 + x**2 + 2*x - 4. Calculate w(1).
237
Let g(i) = i**3 - 54*i**2 + 299*i - 533. Determine g(48).
-5
Let q(k) = 163*k**2 + 27*k - 27. What is q(1)?
163
Let v(x) = 3*x**3 - 27*x**2 - 268*x + 16. What is v(15)?
46
Let b(r) = -209*r - 1. What is b(-1)?
208
Let f(p) = -p**2 + 736*p - 12210. What is f(17)?
13
Let m(j) = -j**3 + 27*j**2 + 56*j + 91. Determine m(29).
33
Let u(t) = 3*t**3 - 2*t**2 - 18*t + 36. Calculate u(2).
16
Let p(b) = -b**3 + 9*b**2 + 10*b - 1. Calculate p(8).
143
Let w(z) = 740*z + 6621. Determine w(-9).
-39
Let l(q) = q**2 - 106*q - 3760. What is l(134)?
-8
Let i(d) = -73*d + 555. What is i(8)?
-29
Let n(t) = -25*t + 480. Calculate n(14).
130
Let i(q) = -40*q**2 + 234*q + 3719. Calculate i(13).
1
Let n(j) = -2*j**2 + 14*j + 427. What is n(-12)?
-29
Let n(u) = 81*u + 2424. Calculate n(-30).
-6
Let k(g) = g**3 - 12*g**2 + 4*g + 15. What is k(9)?
-192
Let v(p) = -p**3 + 32*p**2 + 39*p + 106. Give v(33).
304
Let s(k) = 1427*k - 38535. Calculate s(27).
-6
Let y(x) = 559*x + 8858. Calculate y(-16).
-86
Let a(l) = 2119*l - 15. What is a(0)?
-15
Let c(r) = 30*r**2 + 208*r + 9. What is c(-7)?
23
Let z(u) = 23*u + 372. Give z(-10).
142
Let w(a) = -a**3 - 8*a**2 - 128*a - 991. Calculate w(-8).
33
Let n(f) = -f**3 + 106*f**2 + 130*f - 2452. What is n(107)?
9
Let y(b) = 9*b**2 + 15*b + 127. What is y(-6)?
361
Let q(l) = -2*l**2 + 28*l + 271. Calculate q(-6).
31
Let q(h) = -h**3 - 3*h**2 + 14*h + 65. Determine q(4).
9
Let r(x) = 94*x**2 - 763*x + 73. Calculate r(8).
-15
Let v(d) = 133*d + 27659. Calculate v(-208).
-5
Let k(o) = 87*o - 698. Determine k(8).
-2
Let q(l) = l**2 - 175*l - 353. What is q(177)?
1
Let t(q) = -206*q + 830. What is t(4)?
6
Let r(x) = 2*x**2 + 395*x + 394. Determine r(-1).
1
Let s(j) = -13*j**2 - 134*j - 38. What is s(-9)?
115
Let u(f) = -6*f**3 + 85*f**2 - 8*f + 11. Give u(14).
95
Let n(h) = -h**3 - 10*h**2 - 3*h + 47. Give n(-7).
-79
Let k(i) = 20*i**3 - 4*i**2 + 4*i - 4. What is k(2)?
148
Let l(q) = 2*q**2 + 18*q + 17. Calculate l(-9